 Suppose -b*d = 2*d - 108. Calculate the remainder when d is divided by 14.
13
Suppose 0 = -0*n + n - 3*l + 1, -3*n - 5*l + 25 = 0. Let k(q) = -4*q + 8*q + n - 6*q. What is the remainder when k(-5) is divided by 8?
7
Suppose 3*x + 2*x = 330. What is the remainder when 4/6*x - -1 is divided by 23?
22
Let w = 44 - 24. What is the remainder when w is divided by 11?
9
Calculate the remainder when 70 is divided by (-5)/((-5)/3)*(-48)/(-9).
6
Suppose h + 2 = -4*u + 4, -4*h + u = 26. Suppose 3*x + 98 = 2*x. What is the remainder when (-3)/9 + x/h is divided by 6?
4
Suppose -5*b - 75 = -5*h, 3*b + 0*b + 12 = 0. Let s = h + -1. What is the remainder when s is divided by 3?
1
Suppose 5*k - 7 - 33 = 0. Let b = k - -4. What is the remainder when 22 is divided by b?
10
Suppose -44 = -3*c - i + 15, 2*c = 5*i + 62. Calculate the remainder when 40 is divided by c.
19
Let k(b) = -b**3 + 12 + b + 11*b**2 + 0*b + 14*b + 0*b**2. Calculate the remainder when k(12) is divided by 17.
14
What is the remainder when 26 is divided by 1074*5/225 - (-2)/15?
2
Suppose 4*t - 23 = 5. Calculate the remainder when (1 + t)*1*1 is divided by 3.
2
Let q(c) = 20*c**2 - 6*c - 14. Calculate the remainder when q(-2) is divided by 10.
8
Let d be 2 + 9 + 2/(-2). Suppose 7*l - 20 = 2*l, -18 = -t - 4*l. Suppose d = 2*p + 5*i, -4*i + 14 = t*p - i. What is the remainder when 29 is divided by p?
9
Suppose 12*i = 326 + 394. What is the remainder when i is divided by 8?
4
Let s(n) = -n. Let f(c) = -2 - 5 + 6*c + 1 + 0 - c**2. Calculate the remainder when s(-3) is divided by f(4).
1
Let q(c) = 3*c**2 + 8*c - 14. What is the remainder when q(-6) is divided by 16?
14
What is the remainder when 62 is divided by 6/(-12)*26/(-1 + 0)?
10
Suppose -2*u + 12 = 6. What is the remainder when u is divided by 1?
0
Let b = -117 + 267. What is the remainder when b is divided by 17?
14
Suppose -25*w = -20*w - 1015. What is the remainder when w is divided by 41?
39
Suppose -85 = -5*i - o + 4*o, 5*i - 80 = 2*o. Let w(g) = 3*g**2 + 7*g + 5. What is the remainder when w(-4) is divided by i?
11
Suppose -2*x = 5*q + 82, 0*q + 4*x - 44 = 3*q. Let k = -11 - q. Suppose -4 - 2 = -2*s. What is the remainder when k is divided by s?
2
Let l(q) = q**3 + 8*q**2 + 3*q - 6. What is the remainder when l(-7) is divided by 13?
9
Calculate the remainder when (4/6)/(5/165) is divided by 12.
10
Let c(x) = x**3 - 8*x**2 - x + 10. Let b be c(8). Let r(q) = 2*q**3 + 2*q**2 - 3*q + 3. What is the remainder when r(b) is divided by 8?
5
Let k(o) = o**2 + 2*o - 1. Let t be k(3). Let p(h) = h**3 + 7*h**2 + 8*h + 8. Let m be p(-6). Let w = m + t. Calculate the remainder when w is divided by 6.
4
Let c = -62 - -87. What is the remainder when c is divided by 14?
11
Let r be (1 - 3)/(-2)*55. Let x = 3 + -5. Calculate the remainder when 4 is divided by r/20 + x/(-8).
1
Let w = -4 - -18. Calculate the remainder when w is divided by 3.
2
Let l(n) = -n**2 + 9*n - 2. Suppose -3*c + 5*z + 34 = 0, 0*z + 4*z + 8 = 0. What is the remainder when 21 is divided by l(c)?
3
Suppose 0 = -5*k + 7 - 2. Let y = k - -9. Let g = 44 + -15. What is the remainder when g is divided by y?
9
Let m = 7 - -1. Let u(v) = -v**3 - 9*v**2 - 9*v + 6. Let q be u(-8). Suppose -3*y = 5*b - m, 4*y + 5*b - q = 5. What is the remainder when 31 is divided by y?
9
Suppose 0 = -n - q + 5, 5*n - q - 36 = 13. Calculate the remainder when 34 is divided by n.
7
Let a(o) = -2*o + 9. Calculate the remainder when a(-8) is divided by -1*2/2*-13.
12
Suppose 6 = 5*k - 3*c - 34, 0 = -4*k - c + 15. Suppose -4*v + 0*i + 138 = 2*i, k*i = v - 18. What is the remainder when v is divided by 9?
6
Suppose 2*m - 3*m - 15 = -h, 3*h - 39 = m. Let x(a) = -a**2 + 8*a - 5. What is the remainder when x(4) is divided by h/(3 + -1) + 1?
4
Let z(p) = 2*p - 7. Let w be -1*14 - (-1 + 2). Calculate the remainder when 1/(-2 - -1) - w is divided by z(6).
4
Let g(n) = -n**3 + 6*n**2 - 7*n + 5. Let z(v) = v**3 - v**2 + v + 4. Calculate the remainder when z(3) is divided by g(4).
7
Let w(h) = h**2 + 9*h - 2. Let d be w(6). Suppose 8 = 4*v - d. What is the remainder when v is divided by 13?
11
Let p(i) = -i**2 + 6*i - 3. What is the remainder when p(3) is divided by 4?
2
Let f(s) = s + 6. Let t = -19 + 65. What is the remainder when t is divided by f(6)?
10
Suppose -5*m = 3*j - 21, 3 = -j - 0. What is the remainder when 9 is divided by m?
3
Let h = -9 - -12. Suppose -h*f + 52 = -f. Calculate the remainder when f is divided by 14.
12
Suppose h - 52 = -2*i, 3*i - h - 7 - 61 = 0. Suppose 4*j = j - i. Let p = j - -13. Calculate the remainder when p is divided by 3.
2
Let z(o) = o**3 - 3*o**2 - 2*o + 3. Let s = 0 + 3. Let p be z(s). Let b = p - -11. Calculate the remainder when 23 is divided by b.
7
Let h(k) = -k**3 + 6*k**2 + 7*k + 5. Let y be h(7). Let i be 9/(-27) - 2/(-6). Calculate the remainder when 17 is divided by y/((-5)/(-6)) - i.
5
Let v(x) = -x**3 + 9*x**2 + 5*x - 12. What is the remainder when v(7) is divided by 31?
28
Let l = 22 - 9. Suppose -k - 197 = -4*s, -183 = -3*s + 3*k - 33. Calculate the remainder when s is divided by l.
10
Let z be (-3)/((-6)/(-14)) + 1. Let c = z + 8. Suppose a + 4 = c*a. What is the remainder when 6 is divided by a?
2
Suppose 2*j = -0*j + 5*r - 21, -4*j = 2*r - 18. What is the remainder when 6 is divided by j?
0
Let t(r) = -20*r - 19. What is the remainder when t(-8) is divided by 11?
9
Let t(o) = -o**2 + 4*o + 2. Suppose -8 - 4 = 2*p. Let w(d) = d**2 + 7*d + 9. What is the remainder when w(p) is divided by t(4)?
1
Suppose -2 = 2*n - 16. Let r(o) = 3*o - 8. What is the remainder when 25 is divided by r(n)?
12
Let z(f) = 7*f + 9. What is the remainder when z(13) is divided by 34?
32
Suppose -5*s - j = -13, -3*s - 4*j - 17 = -6*s. Calculate the remainder when 6 is divided by s.
0
Suppose 2*z + 6*u - 5 = u, -2*z + 3*u - 3 = 0. Let n = z + 5. What is the remainder when n is divided by 3?
2
Let p be 1/2 + 6/(-4). Let h(m) = -16*m - 1. What is the remainder when 28 is divided by h(p)?
13
Let c(a) = a**3 + 9*a**2 + 7*a + 5. Let x(r) = -r**2 + 6*r - 1. Let i be x(7). What is the remainder when 24 is divided by c(i)?
11
Suppose v = 6*v - 320. Let o(m) = -23*m**3 - 2*m**2 + 1. Suppose 1 + 1 = -2*i. What is the remainder when v is divided by o(i)?
20
Let b = -635 + 656. Suppose -5*x = -x - 4. Calculate the remainder when (-41)/((2/(-2))/x) is divided by b.
20
Let l(j) = 6*j - 12. Suppose k - 19 + 0 = 0. Calculate the remainder when l(11) is divided by k.
16
Suppose a - 24 = -2*a. Suppose -2*g - 4*j + 52 = 0, 3*g - 5*j + 0*j - 100 = 0. What is the remainder when g is divided by a?
6
Suppose 16 = -0*i + i. Suppose 251 = 4*u - c - 2*c, 5*c - 243 = -4*u. Calculate the remainder when u is divided by i.
14
Let a = 1 + -1. Suppose -14 = -y - y. Suppose 3*s - 22 + y = a. What is the remainder when 13 is divided by s?
3
Let n = -41 - -70. Calculate the remainder when 86 is divided by n.
28
Let c(q) = 3*q**2 - 7*q + 6. Let d = 70 + -48. Calculate the remainder when d is divided by c(3).
10
Let s(c) = c - 2. Let i = 15 + -13. What is the remainder when s(6) is divided by i?
0
Suppose -12*g = -7*g - 45. Suppose 0 = -w + 3*w - 204. Suppose 0 = -3*r - 24 + w. What is the remainder when r is divided by g?
8
Suppose -3*g + 18 = -g. Suppose 4*c + 30 = 202. What is the remainder when c is divided by g?
7
Let j = -153 - -157. Let a = -5 - -14. Calculate the remainder when a is divided by j.
1
Suppose 8*w - 13*w + 15 = 0. Suppose d + d - 131 = 5*i, -w*i = 2*d - 171. Calculate the remainder when d is divided by 27.
24
Suppose -9*m - 92 = -13*m. Suppose 0 = -3*s - x + 198, 3*s - 5*s - 4*x = -132. What is the remainder when s is divided by m?
20
What is the remainder when (-1)/((-10)/15)*152/6 is divided by -1*(-14)/1 - 1?
12
Suppose -386 = -3*p - 92. Calculate the remainder when p is divided by 20.
18
Let g = 60 - 51. Calculate the remainder when 32 is divided by g.
5
Let l be 144/2 + (-3 - -6). Suppose -q = 4*q - l. Calculate the remainder when q is divided by 8.
7
Let n(w) = -2*w - 1. Suppose -4*m + 157 = 41. Let i = 49 - m. Calculate the remainder when i is divided by n(-4).
6
Let z = 1 + 2. Suppose 0 = -3*t + 5*w + 4 - 0, w - 10 = -z*t. What is the remainder when 3 is divided by t?
0
Let f = -3 - -9. Let z = 